= -37*t + 621. Give r(16).
29
Let x(r) = -585*r**2 + 2341*r + 5. Give x(4).
9
Let b(i) = 20*i**2 - i + 11. Calculate b(3).
188
Let h(p) = 333*p**2 - 2*p. Calculate h(-1).
335
Let b(j) = 46*j + 81. Calculate b(-5).
-149
Let z(m) = -20*m**3 - 12*m**2 + 17*m - 2. Calculate z(1).
-17
Let k(c) = 2477*c + 47049. What is k(-19)?
-14
Let t(q) = -4*q - 211. Determine t(0).
-211
Let s(c) = -c**3 - 13*c**2 + 169*c + 8. Give s(-21).
-13
Let n(k) = 14*k**2 + 80*k - 26. What is n(-6)?
-2
Let q(c) = 3*c**3 + 65*c**2 + 37*c - 98. What is q(-21)?
7
Let a(r) = -2*r**3 + 29*r**2 - 16*r - 116. Give a(14).
-144
Let z(d) = -d**2 + 653*d + 37417. Give z(-53).
-1
Let n(i) = -3*i**3 + i**2 + 14*i - 44. What is n(3)?
-74
Let f(q) = -355*q - 3541. Give f(-10).
9
Let j(d) = 2*d**2 + 28*d + 19. Give j(-14).
19
Let o(j) = -7*j**3 + 7*j**2 - 1227*j - 1234. Determine o(-1).
7
Let f(s) = s**2 - 15*s - 2. Give f(19).
74
Let f(w) = -137*w - 233. Give f(-2).
41
Let j(n) = n**2 + 25*n - 179. Give j(10).
171
Let g(d) = d**2 - 5*d - 53. Calculate g(-5).
-3
Let l(k) = -44*k + 68. Determine l(4).
-108
Let g(i) = -13*i - 179. Determine g(13).
-348
Let j(c) = -c**2 - 980*c + 4924. Determine j(5).
-1
Let u(n) = n**3 - 19*n**2 - 59*n + 256. Determine u(21).
-101
Let n(h) = -h**2 - 56*h - 665. Calculate n(-37).
38
Let w(u) = -u**3 + 45*u**2 + 314*u - 403. What is w(51)?
5
Let p(x) = 2*x**3 - 33*x**2 + 29*x + 70. What is p(15)?
-170
Let o(u) = 2476*u + 4952. Give o(-2).
0
Let c(r) = -56*r**2 - 3258*r - 587. Give c(-58).
-7
Let w(x) = 21*x**3 + 150*x**2 + 23*x + 14. What is w(-7)?
0
Let w(x) = -11*x - 129. Calculate w(5).
-184
Let t(u) = -53*u**2 + 2*u - 192. Calculate t(0).
-192
Let y(p) = -293*p + 10260. What is y(35)?
5
Let u(i) = -2*i**2 - 10*i + 884. What is u(-24)?
-28
Let v(m) = 6*m**2 - 23*m - 47. What is v(6)?
31
Let b(d) = -10*d + 588. Give b(61).
-22
Let f(g) = 6*g**3 + 19*g**2 + 7*g + 13. Give f(-3).
1
Let q(o) = 31*o**3 - 2*o**2 + 4*o - 12. Give q(2).
236
Let o(k) = 2*k**3 + 212*k**2 + 212*k + 116. Determine o(-105).
-94
Let v(p) = -12*p + 601. Give v(48).
25
Let u(w) = 69*w + 839. Determine u(-12).
11
Let p(a) = -2*a**3 + 18*a**2 + 2*a - 120. What is p(8)?
24
Let k(l) = 4*l**2 + 73. Determine k(-10).
473
Let z(c) = -2*c**2 - 89*c + 1. Calculate z(-41).
288
Let r(c) = 28*c - 701. Give r(19).
-169
Let d(s) = 5*s**2 - 110*s + 146. What is d(20)?
-54
Let j(s) = -584*s - 12855. Give j(-22).
-7
Let t(r) = 7*r**3 - 2*r**2 + r - 3. Determine t(-3).
-213
Let h(i) = -163*i + 1899. Determine h(12).
-57
Let j(f) = 28*f + 819. Determine j(-39).
-273
Let o(j) = -j**3 + 21*j**2 + 129*j + 18. Determine o(26).
-8
Let b(a) = -47*a + 624. What is b(13)?
13
Let m(p) = -3*p**2 - 25*p + 135. What is m(4)?
-13
Let f(v) = 13*v + 275. Calculate f(-20).
15
Let f(j) = 8*j**2 + 479*j - 54. What is f(-60)?
6
Let d(u) = -3*u + 138. Give d(-13).
177
Let r(p) = 4*p**2 - 589*p - 2288. What is r(151)?
-23
Let x(z) = z**3 - 23*z**2 + 356*z - 7348. Give x(22).
0
Let d(t) = -t**3 - 14*t**2 - 28*t + 16. Calculate d(-11).
-39
Let c(u) = 268*u - 796. Give c(3).
8
Let q(i) = -2461*i + 31990. What is q(13)?
-3
Let d(y) = 321*y + 33994. What is d(-106)?
-32
Let m(v) = -187*v - 22615. Calculate m(-121).
12
Let z(o) = -58*o**2 + 162*o + 163. Give z(-1).
-57
Let s(d) = d**3 - d**2 - 29*d + 32. Determine s(4).
-36
Let x(z) = z**2 + 19*z + 102. Calculate x(-11).
14
Let t(i) = 9*i - 180. Give t(25).
45
Let m(y) = 42*y - 749. Give m(17).
-35
Let x(p) = -p**3 + 6*p**2 + 106*p - 762. What is x(9)?
-51
Let t(d) = -d**3 - 8*d**2 - 9*d - 5. Determine t(-5).
-35
Let c(h) = -h**2 + 445*h + 11257. Give c(-24).
1
Let o(c) = c**3 + 12*c**2 - 97*c - 62. Determine o(6).
4
Let o(f) = 2*f**3 - 35*f**2 - 99*f - 23. Calculate o(20).
-3
Let g(c) = c**3 + 31*c**2 - 102*c + 1311. What is g(-35)?
-19
Let x(d) = 338*d - 98032. What is x(290)?
-12
Let a(h) = -3*h**2 + 38*h + 10. Give a(12).
34
Let o(l) = l**3 - 34*l**2 - 1131*l + 38241. Determine o(32).
1
Let m(v) = 2611*v + 2601. Determine m(-1).
-10
Let i(c) = -13*c**2 + 21*c + 483. Calculate i(7).
-7
Let f(u) = 4*u**2 - 189*u - 97. Determine f(48).
47
Let p(l) = 39*l**3 + 975*l**2 + l + 20. What is p(-25)?
-5
Let r(i) = -3492*i - 178098. Determine r(-51).
-6
Let z(r) = r**2 + 94*r + 2007. Calculate z(-33).
-6
Let x(p) = -2*p + 95. Determine x(13).
69
Let l(h) = -2*h**3 + 11*h**2 + 199*h + 136. Determine l(-7).
-32
Let z(p) = 3*p**2 + 93*p - 467. What is z(5)?
73
Let g(z) = -5*z**3 - 270*z**2 - 9*z - 465. Calculate g(-54).
21
Let c(u) = -u**3 - 11*u**2 - 133*u - 1044. Give c(-9).
-9
Let r(d) = 3*d**3 + 33*d**2 + 63*d + 23. Calculate r(-9).
-58
Let y(m) = 214*m - 283. Give y(2).
145
Let s(z) = 2*z**3 + 168*z**2 - 344*z + 2. What is s(-86)?
2
Let m(u) = u**2 + 55*u - 360. Determine m(6).
6
Let a(h) = -2*h**3 - 8*h**2 + 110*h - 36. Determine a(-10).
64
Let x(t) = -t**3 + 5*t**2 + 58*t - 166. Give x(-7).
16
Let t(n) = -976*n + 6829. Calculate t(7).
-3
Let g(t) = -87*t**2 + 8438*t + 105. Give g(97).
8
Let x(i) = 22*i**3 - 38*i**2 - 37*i + 1. Calculate x(-1).
-22
Let d(z) = 22*z**3 - 90*z**2 + 17*z - 40. Calculate d(4).
-4
Let a(y) = y**2 - 91*y - 810. What is a(99)?
-18
Let q(c) = 2*c**2 + 123*c - 89. What is q(-62)?
-27
Let y(l) = -20*l**3 + 42*l**2 + 38*l - 2. Give y(-1).
22
Let f(j) = 3*j**3 - 13*j**2 + 38*j - 245. Calculate f(5).
-5
Let g(a) = -2*a + 10. Determine g(-26).
62
Let i(z) = 48*z - 93. Calculate i(2).
3
Let c(t) = t + 92. Calculate c(-15).
77
Let y(q) = 39*q + 224. What is y(-7)?
-49
Let r(d) = -38*d + 1396. Calculate r(31).
218
Let x(q) = -q**2 + 5*q + 47. What is x(0)?
47
Let f(y) = 2*y**2 - 143*y - 7968. Calculate f(-37).
61
Let f(u) = 6*u**3 - 3*u**2 - 17*u - 62. Calculate f(-3).
-200
Let s(n) = n**3 + 71*n**2 - 77*n - 357. What is s(-72)?
3
Let n(m) = m**3 + 28*m**2 - 37*m - 201. Give n(-29).
31
Let w(t) = -120*t - 1289. What is w(-9)?
-209
Let f(i) = 14*i**3 - 82*i**2 - 19*i - 20. Determine f(6).
-62
Let y(u) = -u**3 - 37*u**2 + 469*u - 21. Give y(10).
-31
Let l(b) = b**2 + 75*b + 3. Calculate l(0).
3
Let y(o) = 21*o + 187. Determine y(-10).
-23
Let k(o) = -2*o**3 - 2*o**2 - 15. Give k(-4).
81
Let w(m) = -3*m**3 + 19*m**2 + 18*m - 154. Calculate w(6).
-10
Let g(w) = 7*w + 28. Give g(-10).
-42
Let v(y) = 47*y**2 - 222*y - 9. Calculate v(5).
56
Let d(k) = k**3 - 166*k**2 + 626*k + 3541. What is d(162)?
-23
Let p(x) = 14*x + 216. Give p(-6).
132
Let o(w) = -w**2 - w + 16980. Give o(130).
-50
Let r(u) = 5*u + 82. Calculate r(-23).
-33
Let x(c) = c**2 + 4*c - 5. What is x(7)?
72
Let j(h) = -145*h + 2024. What is j(14)?
-6
Let z(h) = 88*h**3 - 11*h**2 - 13*h + 32. Calculate z(2).
666
Let r(y) = 2*y**3 - 27*y**2 - 28*y - 252. Calculate r(15).
3
Let p(t) = -2928*t - 87848. Give p(-30).
-8
Let q(t) = t**3 - 54*t**2 - 228*t - 219. Determine q(58).
13
Let c(i) = -2*i**3 + 48*i**2 - 83*i - 139. Give c(22).
-29
Let r(f) = -156*f - 135. Determine r(1).
-291
Let m(b) = -345*b - 1048. Calculate m(-3).
-13
Let l(j) = 277*j + 931. What is l(-4)?
-177
Let w(m) = 2*m**3 + 58*m**2 + 148*m - 207. Give w(-26).
1
Let t(m) = 3*m**2 + 157*m + 1068. Give t(-8).
4
Let k(c) = -3*c**2 + 71*c + 286. What is k(27)?
16
Let b(h) = 14*h + 360. What is b(-25)?
10
Let z(j) = 4*j**2 - 54*j - 170. What is z(16)?
-10
Let l(p) = -p**3 + 11*p**2 + 43*p - 472. What is l(14)?
-458
Let q(d) = -d**3 + 99*d**2 - 189*d - 456. Determine q(97).
29
Let x(o) = o**3 - 5*o**2 - 29*o + 23. What is x(-7)?
-362
Let v(t) = t**3 + 16*t**2 - 186*t - 1747. What is v(-7)?
-4
Let r(o) = 289*o + 1732. Determine r(-6).
-2
Let f(o) = -449*o + 45345. What is f(101)?
-4
Let p(c) = -36*c + 29. Determine p(2).
-43
Let m(n) = 10*n + 287. Determine m(-17).
117
Let i(s) = s**2 - 144*s - 13577. Calculate i(209).
8
Let v(o) = o**3 + 25*o**2 + 47*o + 77. What is v(-23)?
54
Let n(m) = -116*m + 1254. Give n(11).
-22
Let b(r) = 9*r**2 + 85*r + 99. Determine b(-8).
-5
Let h(y) = y**2 - 21*y - 148. What is h(-11)?
204
Let j(v) = -4624*v - 32363. Determine j(-7).
5
Let j(m) = -12*m**2 + 7*m + 2. Give j(2).
-32
Let k(p) = 279*p + 10878. Calculate k(-39).
-3
Let d(t) = 2*t**3 - 533*t**2 - 280*t + 3456. Give d(267).
-15
Let g(a) = 7559*a - 136063. What is g(18)?
-1
Let b(a) = 6*a + 1. What is b(3)?
19
Let q(m) = -7*m**2 + 5*m + 3. Give q(2).
-15
Let d(i) = 8